-7*a**2 - 141*a + 23. Give r(-20).
43
Let j(v) = -v**2 - 204*v + 2147. Give j(10).
7
Let u(w) = -887*w + 41701. Determine u(47).
12
Let d(i) = i**3 + 7*i**2 - 84*i - 599. Give d(-9).
-5
Let o(m) = 29773*m + 178633. Determine o(-6).
-5
Let w(o) = 15*o - 496. Calculate w(32).
-16
Let l(r) = -16*r - 33. Give l(1).
-49
Let j(h) = -2*h**3 - 18*h**2 + 28. Calculate j(-9).
28
Let w(m) = -m**3 - 18*m**2 - 22*m - 16. Give w(-16).
-176
Let w(j) = -j**3 + 15*j**2 - 16*j + 22. Calculate w(14).
-6
Let t(m) = -424*m**2 - 2542*m - 3. Calculate t(-6).
-15
Let h(s) = 50*s - 589. Determine h(15).
161
Let y(v) = 87*v**2 - 4*v - 6. Calculate y(2).
334
Let b(i) = -i**3 - 9*i**2 + 9*i + 19. Calculate b(-7).
-142
Let u(q) = 9*q - 140. Determine u(8).
-68
Let s(b) = -b**3 + 17*b**2 + 137*b - 10. Determine s(23).
-33
Let n(f) = -9*f + 231. Determine n(9).
150
Let f(c) = -c**3 + 11*c**2 + 50*c - 163. Calculate f(13).
149
Let w(l) = -228*l**2 + 1137*l. Give w(5).
-15
Let v(a) = 5*a**2 - 258*a + 182. Calculate v(51).
29
Let c(g) = g**3 + 4*g**2 + 12*g + 49. Determine c(-5).
-36
Let n(s) = -2*s**3 + 9*s**2 - 3*s - 8. Determine n(4).
-4
Let y(p) = p**3 - 4*p**2 - 8*p - 66. What is y(7)?
25
Let t(o) = -187*o**2 + 1486*o + 81. What is t(8)?
1
Let r(d) = -165*d - 7270. Calculate r(-44).
-10
Let g(h) = -h**3 + 107*h**2 + 396*h - 7260. Give g(110).
0
Let h(y) = -377*y - 3007. What is h(-8)?
9
Let a(x) = -17*x**2 + 365*x + 203. Give a(22).
5
Let g(i) = 11*i**2 + 605*i + 72. Calculate g(-55).
72
Let b(p) = -p**2 + 13*p + 12. Give b(13).
12
Let k(q) = 94*q + 63. Calculate k(-11).
-971
Let q(n) = 401*n - 7615. Calculate q(19).
4
Let l(u) = 18*u**3 + u**2 - 2*u + 1. Determine l(-2).
-135
Let a(n) = -n**2 - 303*n + 19702. Calculate a(55).
12
Let x(b) = b**3 + 11*b**2 - 2*b - 11. Give x(-9).
169
Let y(r) = 6104*r - 36621. What is y(6)?
3
Let j(i) = 1180*i - 8251. Give j(7).
9
Let b(z) = -10*z**2 + 225*z - 96. Give b(22).
14
Let k(v) = 54*v + 28. What is k(-6)?
-296
Let d(r) = 31*r**3 - 4*r**2 - 88*r + 178. Give d(2).
234
Let f(b) = 12*b**2 + 8*b - 1. Give f(2).
63
Let s(r) = r**3 + 40*r**2 - 175*r + 36. Calculate s(-44).
-8
Let a(j) = 72*j - 326. Determine a(10).
394
Let x(g) = 6*g**2 - 59*g + 14. What is x(17)?
745
Let x(h) = -h**3 - 3*h**2 + 66*h - 50. Determine x(-10).
-10
Let d(i) = -5*i**2 - 66*i - 372. Determine d(-6).
-156
Let u(w) = -17489*w + 17527. Calculate u(1).
38
Let l(p) = 6*p**3 + 109*p**2 - 117*p + 7. Calculate l(1).
5
Let s(f) = 9*f**2 + 229*f + 440. Calculate s(-2).
18
Let j(b) = 12*b**2 - 281*b - 2086. Give j(-6).
32
Let v(i) = -i**3 - 16*i**2 - 18*i - 37. What is v(-11)?
-444
Let d(q) = 3*q**2 - 35*q + 56. Give d(9).
-16
Let h(v) = -2*v**2 + 56*v + 14026. Determine h(-71).
-32
Let b(j) = j**3 - 147*j**2 + 145*j + 155. What is b(146)?
9
Let m(o) = -4*o**3 - 6*o**2 + 11*o + 13. Give m(-2).
-1
Let y(b) = b**3 - 17*b**2 - 4*b + 10. Determine y(16).
-310
Let m(p) = 9*p**3 - 6*p**2 + 20*p + 60. What is m(-3)?
-297
Let v(y) = 2*y**2 - 24*y - 39. Calculate v(13).
-13
Let a(y) = 296*y + 1097. Calculate a(-6).
-679
Let h(x) = -109*x + 1623. Calculate h(15).
-12
Let i(m) = -4*m**2 - 137*m + 417. What is i(3)?
-30
Let b(w) = -w**2 + 18*w + 127. Calculate b(23).
12
Let c(g) = 40*g - 542. Determine c(15).
58
Let g(o) = -o**3 - 184*o**2 - 6619*o - 189. What is g(-49)?
7
Let l(v) = -2*v**2 + 20*v + 94. Give l(-6).
-98
Let y(q) = 1203*q - 15637. Calculate y(13).
2
Let c(g) = g**2 - 101*g + 73. Determine c(0).
73
Let a(v) = -2714*v + 16276. What is a(6)?
-8
Let j(t) = 3*t**3 - 185*t**2 + 121*t + 22. Give j(61).
-39
Let b(l) = -l + 406. Determine b(-32).
438
Let o(t) = t**3 - 6*t**2 + 10*t + 59. Calculate o(0).
59
Let d(t) = 86*t + 411. Calculate d(-6).
-105
Let w(r) = -37*r - 944. Calculate w(-25).
-19
Let q(x) = -2*x**2 + 25*x + 102. Determine q(-8).
-226
Let g(j) = j**2 + 45*j - 162. Calculate g(-45).
-162
Let r(k) = 10*k**2 - 159*k - 12. Determine r(16).
4
Let m(i) = i**3 - 30*i**2 - 62*i - 72. Determine m(32).
-8
Let w(n) = -2160*n + 138255. Give w(64).
15
Let h(p) = -2*p**2 + 5098*p + 20426. Give h(-4).
2
Let m(c) = 74*c**2 - 14*c + 59. Calculate m(3).
683
Let x(y) = -y**2 + 74*y - 169. Give x(73).
-96
Let u(g) = -g**3 + 22*g**2 - 88*g + 25. Give u(17).
-26
Let u(l) = -2*l**2 - 5*l + 134. Determine u(7).
1
Let j(k) = 25*k**2 - 810*k + 317. Calculate j(32).
-3
Let g(w) = -249*w - 7940. Determine g(-32).
28
Let t(x) = 215*x - 1057. Determine t(5).
18
Let c(q) = 6*q**2 - 1289*q - 9548. Give c(222).
-2
Let l(t) = t**3 + 21*t**2 + 51*t + 156. What is l(-18)?
210
Let r(p) = p**2 + 8*p - 1277. Calculate r(-40).
3
Let z(f) = -19*f + 126. Determine z(-12).
354
Let u(h) = -211*h + 856. What is u(4)?
12
Let n(s) = s**2 + 12*s + 74. Determine n(-10).
54
Let n(b) = -b**2 + 87*b - 1046. Give n(13).
-84
Let k(t) = -24*t**2 - 318*t - 37. Give k(-13).
41
Let u(i) = -369*i + 1848. What is u(5)?
3
Let u(v) = -39*v + 58. Calculate u(12).
-410
Let h(k) = -k**3 + 23*k**2 + 14*k - 327. What is h(23)?
-5
Let k(x) = 1766*x - 17. Determine k(0).
-17
Let l(v) = -115*v - 670. Determine l(-6).
20
Let d(x) = x**2 - 4*x + 33. Give d(6).
45
Let m(n) = -2*n**3 - 50*n**2 + 37*n - 386. Calculate m(-26).
4
Let o(v) = 21*v + 2368. Calculate o(-113).
-5
Let l(b) = b**3 - 80*b**2 + 122*b + 2636. Determine l(78).
-16
Let x(d) = 383*d - 384. Give x(1).
-1
Let u(r) = -300*r + 2111. Calculate u(7).
11
Let d(b) = -2*b**3 + 25*b**2 - b - 2. Calculate d(12).
130
Let z(v) = 12*v**2 - 195*v + 233. Calculate z(16).
185
Let h(m) = -5*m + 349. What is h(40)?
149
Let l(s) = 3*s**3 + 8*s**2 - 90*s - 501. Give l(-4).
-205
Let m(x) = x**3 + 17*x**2 + 86*x + 143. Determine m(-7).
31
Let d(x) = -32*x + 20. Calculate d(2).
-44
Let g(x) = -x**3 - 42*x**2 + 288*x - 10. Determine g(-48).
-10
Let p(k) = 14*k**2 + 349*k - 87. Determine p(-25).
-62
Let g(f) = 228*f. Calculate g(-1).
-228
Let h(u) = -6*u + 15. What is h(5)?
-15
Let q(v) = -v**2 - 17*v + 8. Determine q(11).
-300
Let t(s) = -26473*s - 5. Determine t(0).
-5
Let p(s) = -s**2 - 46*s + 89. Calculate p(-48).
-7
Let t(n) = n**2 - 58*n - 663. What is t(-10)?
17
Let x(q) = -19*q**2 - 81*q + 6. Calculate x(-4).
26
Let l(s) = -3439*s + 113485. Give l(33).
-2
Let z(j) = -j**3 - 11*j**2 + 2939*j + 46. What is z(49)?
-3
Let n(l) = 1056*l - 1052. Calculate n(1).
4
Let m(t) = 42*t - 454. What is m(17)?
260
Let m(g) = 76*g - 404. Give m(5).
-24
Let h(w) = 52*w + 276. Calculate h(-7).
-88
Let g(m) = 2*m**3 + 3*m**2 + 1363*m + 1362. Give g(-1).
0
Let a(u) = -24*u**3 + 194*u**2 - 17*u + 13. Calculate a(8).
5
Let c(l) = -66*l - 1043. What is c(-16)?
13
Let a(u) = 4*u - 76. Calculate a(13).
-24
Let y(l) = -l**3 - 6*l**2 + 84*l + 369. Calculate y(-4).
1
Let a(m) = -309*m - 2464. Calculate a(-8).
8
Let m(t) = 32*t + 3245. What is m(-100)?
45
Let o(f) = -f**3 + 96*f**2 + 21*f - 2009. Give o(96).
7
Let y(t) = -6*t**2 + 211*t - 24. Give y(35).
11
Let t(v) = v**3 - 23*v**2 + 20*v + 37. Give t(22).
-7
Let o(c) = 17*c**2 - 79*c + 161. Calculate o(2).
71
Let i(k) = -32*k - 358. What is i(-9)?
-70
Let t(g) = g**2 - 91*g - 1720. What is t(-16)?
-8
Let g(d) = -64*d - 5894. Determine g(-92).
-6
Let u(t) = -8*t - 415. Determine u(-34).
-143
Let y(c) = c**3 - 15*c**2 - 27*c - 96. Calculate y(17).
23
Let a(k) = k**2 - 61*k - 127. Give a(44).
-875
Let b(g) = -4*g**2 + 8*g + 2095. Calculate b(-22).
-17
Let u(r) = 15*r**2 - 54*r + 24. Calculate u(3).
-3
Let x(p) = -p**3 + 10*p**2 + 23*p - 230. Give x(10).
0
Let g(l) = 13*l**3 + 11*l**2 - 31*l - 40. Calculate g(-1).
-11
Let r(n) = n**3 + 84*n**2 - 355*n - 496. What is r(-88)?
-232
Let r(u) = -96*u + 1859. What is r(19)?
35
Let l(x) = -47*x**2 - 17*x - 7. Give l(-1).
-37
Let p(y) = y**3 + 8*y**2 + 8*y + 177. Give p(-12).
-495
Let i(a) = -8*a**3 + 78*a**2 - 2*a - 6. What is i(0)?
-6
Let z(x) = -x**2 - 30*x - 216. Calculate z(-19).
-7
Let o(y) = -42*y - 30. Calculate o(-7).
264
Let y(t) = 11*t - 169. Calculate y(11).
-48
Let x(s) = s**3 - 22*s**2 - 36*s + 11. Give x(-2).
-13
Let u(r) = 30*r**2 + 63*r + 1. Calculate u(-2).
-5
Let i(q) = -3*q**2 - 34*q + 74. What is i(-13)?
9
Let a(d) = 80*d**2 - 2*d - 2. Determine a(2).
314
Let p(d) = -190*d - 1356. Give p(-7).
-26
Let o(c) = 30*c**2 - 6509*c - 199. What is o(217)?
18
Let r(x) = -x**2 + 10*x + 14. Calculate r(6).
3